 hundreds digit of 8963?
9
What is the hundreds digit of 25181?
1
What is the tens digit of 7640?
4
What is the units digit of 20745?
5
What is the hundreds digit of 27081?
0
What is the hundreds digit of 1876?
8
What is the thousands digit of 4094?
4
What is the units digit of 30383?
3
What is the units digit of 437?
7
What is the tens digit of 955?
5
What is the hundreds digit of 25515?
5
What is the units digit of 8559?
9
What is the hundreds digit of 7153?
1
What is the thousands digit of 5705?
5
What is the tens digit of 534?
3
What is the tens digit of 3282?
8
What is the thousands digit of 23004?
3
What is the units digit of 7275?
5
What is the units digit of 7262?
2
What is the thousands digit of 51636?
1
What is the units digit of 2414?
4
What is the units digit of 2918?
8
What is the thousands digit of 8931?
8
What is the units digit of 33371?
1
What is the thousands digit of 60706?
0
What is the tens digit of 9259?
5
What is the thousands digit of 79387?
9
What is the units digit of 710?
0
What is the tens digit of 36500?
0
What is the ten thousands digit of 26937?
2
What is the hundreds digit of 23763?
7
What is the hundreds digit of 1043?
0
What is the units digit of 26043?
3
What is the ten thousands digit of 25426?
2
What is the tens digit of 5078?
7
What is the tens digit of 1247?
4
What is the tens digit of 3988?
8
What is the hundreds digit of 4524?
5
What is the thousands digit of 38934?
8
What is the units digit of 4152?
2
What is the units digit of 1079?
9
What is the hundreds digit of 5933?
9
What is the thousands digit of 7282?
7
What is the tens digit of 946?
4
What is the units digit of 213?
3
What is the units digit of 2662?
2
What is the units digit of 161?
1
What is the hundreds digit of 4609?
6
What is the hundreds digit of 125?
1
What is the units digit of 2147?
7
What is the units digit of 21115?
5
What is the thousands digit of 17805?
7
What is the units digit of 115602?
2
What is the hundreds digit of 49243?
2
What is the units digit of 5011?
1
What is the thousands digit of 105078?
5
What is the ten thousands digit of 19065?
1
What is the hundreds digit of 24186?
1
What is the hundreds digit of 228?
2
What is the tens digit of 5630?
3
What is the hundreds digit of 2535?
5
What is the hundreds digit of 57379?
3
What is the hundreds digit of 6210?
2
What is the tens digit of 4822?
2
What is the tens digit of 9800?
0
What is the units digit of 5151?
1
What is the thousands digit of 1401?
1
What is the units digit of 12876?
6
What is the units digit of 10807?
7
What is the hundreds digit of 555?
5
What is the hundreds digit of 1491?
4
What is the tens digit of 87546?
4
What is the hundreds digit of 2983?
9
What is the hundreds digit of 2065?
0
What is the hundreds digit of 6836?
8
What is the thousands digit of 7216?
7
What is the ten thousands digit of 23164?
2
What is the hundreds digit of 14797?
7
What is the hundreds digit of 3631?
6
What is the hundreds digit of 16024?
0
What is the hundreds digit of 13466?
4
What is the hundreds digit of 77269?
2
What is the hundreds digit of 71251?
2
What is the units digit of 1554?
4
What is the thousands digit of 36800?
6
What is the units digit of 117856?
6
What is the units digit of 604?
4
What is the thousands digit of 35278?
5
What is the units digit of 28057?
7
What is the tens digit of 169991?
9
What is the hundreds digit of 20862?
8
What is the ten thousands digit of 27932?
2
What is the tens digit of 2812?
1
What is the ten thousands digit of 16674?
1
What is the units digit of 7067?
7
What is the tens digit of 2505?
0
What is the tens digit of 3875?
7
What is the units digit of 25731?
1
What is the thousands digit of 1828?
1
What is the units digit of 13315?
5
What is the ten thousands digit of 182563?
8
What is the ten thousands digit of 17516?
1
What is the units digit of 1403?
3
What is the hundreds digit of 29958?
9
What is the hundreds digit of 22743?
7
What is the ten thousands digit of 22789?
2
What is the ten thousands digit of 17296?
1
What is the thousands digit of 1834?
1
What is the thousands digit of 58616?
8
What is the tens digit of 553?
5
What is the hundreds digit of 2054?
0
What is the hundreds digit of 1280?
2
What is the thousands digit of 143104?
3
What is the thousands digit of 18728?
8
What is the hundreds digit of 418?
4
What is the thousands digit of 86606?
6
What is the ten thousands digit of 50138?
5
What is the thousands digit of 3649?
3
What is the tens digit of 14640?
4
What is the thousands digit of 2735?
2
What is the units digit of 10295?
5
What is the tens digit of 794?
9
What is the hundreds digit of 1323?
3
What is the thousands digit of 3456?
3
What is the tens digit of 417?
1
What is the thousands digit of 7414?
7
What is the hundreds digit of 1291?
2
What is the tens digit of 1157?
5
What is the thousands digit of 36521?
6
What is the tens digit of 1768?
6
What is the ten thousands digit of 134779?
3
What is the hundreds digit of 4228?
2
What is the units digit of 2397?
7
What is the units digit of 70758?
8
What is the tens digit of 3420?
2
What is the units digit of 695?
5
What is the tens digit of 3538?
3
What is the hundreds digit of 789?
7
What is the tens digit of 549?
4
What is the thousands digit of 6870?
6
What is the tens digit of 14596?
9
What is the ten thousands digit of 89367?
8
What is the hundreds digit of 1200?
2
What is the tens digit of 23814?
1
What is the units digit of 20315?
5
What is the hundreds digit of 13591?
5
What is the hundreds digit of 903?
9
What is the hundreds digit of 2897?
8
What is the hundreds digit of 1875?
8
What is the units digit of 171953?
3
What is the thousands digit of 29348?
9
What is the units digit of 4434?
4
What is the thousands digit of 11721?
1
What is the units digit of 12950?
0
What is the hundreds digit of 1418?
4
What is the hundreds digit of 3757?
7
What is the thousands digit of 33523?
3
What is the hundreds digit of 960?
9
What is the units digit of 77918?
8
What is the hundreds digit of 3080?
0
What is the hundreds digit of 1807?
8
What is the units digit of 9778?
8
What is the hundreds digit of 1213?
2
What is the thousands digit of 9589?
9
What is the tens digit of 938?
3
What is the hundreds digit of 86053?
0
What is the units digit of 213?
3
What is the hundreds digit of 23113?
1
What is the tens digit of 14828?
2
What is the units digit of 95683?
3
What is the tens digit of 608?
0
What is the units digit of 1189?
9
What is the units digit of 1398?
8
What is the tens digit of 89718?
1
What is the units digit of 1616?
6
What is the ten thousands digit of 10217?
1
What is the hundreds digit of 7745?
7
What is the hundreds digit of 4422?
4
What is the tens digit of 13606?
0
What is the tens digit of 21723?
2
What is the thousands digit of 1418?
1
What is the units digit of 132?
2
What is the tens digit of 577?
7
What is the units digit of 1626?
6
What is the ten thousands digit of 85509?
8
What is the thousands digit of 4962?
4
What is the units digit of 554?
4
What is the hundreds digit of 73626?
6
What is the units digit of 387?
7
What is the units digit of 1148?
8
What is the hundreds digit of 1235?
2
What is the thousands digit of 1093?
1
What is the thousands digit of 1321?
1
What is the thousands digit of 1078?
1
What is the ten thousands digit of 35392?
3
What is the tens digit of 1322?
2
What is the units digit of 2722?
2
What is the hundreds digit of 202?
2
What is the units digit of 4133?
3
What is the thousands digit of 45199?
5
What is the ten thousands digit of 23608?
2
What is the tens digit of 45?
4
What is the units digit of 114686?
6
What is the units digit of 55513?
3
What is the hundreds digit of 1583?
5
What is the thousands digit of 2409?
2
What is the hundreds digit of 14219?
2
What is the hundreds digit of 2098?
0
What is the ten thousands digit of 72831?
7
What is the hundreds digit of 2051?
0
What is the tens digit of 7115?
1
What is the thousands digit of 1149?
1
What is the tens digit of 3566?
6
What is the tens digit of 769?
6
What is the thousands digit of 3159?
3
What is the tens digit of 3490?
9
What is the hundreds digit of 1169?
1
What is the thousands digit of 106054?
6
What is the units digit of 6754?
4
What is the tens digi